{"id":2031,"date":"2021-01-27T10:45:58","date_gmt":"2021-01-27T09:45:58","guid":{"rendered":"http:\/\/lerkortbane.no\/?page_id=2031"},"modified":"2026-03-27T16:04:15","modified_gmt":"2026-03-27T15:04:15","slug":"besokende","status":"publish","type":"page","link":"https:\/\/lerkortbane.no\/index.php\/besokende\/","title":{"rendered":"Bes\u00f8kende\/brukeravgift"},"content":{"rendered":"<div class=\"wp-block-image\">\n<figure class=\"aligncenter size-large is-resized\"><img loading=\"lazy\" decoding=\"async\" width=\"1024\" height=\"768\" src=\"https:\/\/lerkortbane.no\/wp-content\/uploads\/2020\/02\/IMG_2805-1024x768.jpg\" alt=\"\" class=\"wp-image-40\" style=\"width:512px;height:384px\" srcset=\"https:\/\/lerkortbane.no\/wp-content\/uploads\/2020\/02\/IMG_2805-1024x768.jpg 1024w, https:\/\/lerkortbane.no\/wp-content\/uploads\/2020\/02\/IMG_2805-300x225.jpg 300w, https:\/\/lerkortbane.no\/wp-content\/uploads\/2020\/02\/IMG_2805-768x576.jpg 768w, https:\/\/lerkortbane.no\/wp-content\/uploads\/2020\/02\/IMG_2805-1536x1152.jpg 1536w, https:\/\/lerkortbane.no\/wp-content\/uploads\/2020\/02\/IMG_2805-2048x1536.jpg 2048w\" sizes=\"auto, (max-width: 1024px) 100vw, 1024px\" \/><\/figure>\n<\/div>\n\n\n<p>Det er gratis \u00e5 bes\u00f8ke Ler Kortbane. Men vi har satt forbud mot \u00e5 drive med landingsrunder. Dette for \u00e5 ivareta et godt forhold til de fastboende. Kommer du p\u00e5 bes\u00f8k kan du ha flyet ditt parkert hos oss i 1 uke gratis p\u00e5 en n\u00e6rmere angitt plass. Vennligst ta kontakt med oss i s\u00e5 fall. St\u00e5r du lenger enn en uke, vil du m\u00e5tte betale vanlig brukeravgift. Vi forventer og stoler p\u00e5 at de bes\u00f8kende selv holder oversikt over tidsperioden de oppholder seg p\u00e5 Ler Kortbane og tar kontakt med oss dersom de skal st\u00e5 lenger enn en uke.<\/p>\n\n\n\n<p><\/p>\n\n\n\n<p>Brukeravgift for 2026 er satt til kr 2000.-<\/p>\n\n\n\n<p><\/p>\n","protected":false},"excerpt":{"rendered":"<p>Det er gratis \u00e5 bes\u00f8ke Ler Kortbane. Men vi har satt forbud mot \u00e5 drive med landingsrunder. Dette for \u00e5 ivareta et godt forhold til de fastboende. Kommer du p\u00e5 bes\u00f8k kan du ha flyet ditt parkert hos oss i 1 uke gratis p\u00e5 en n\u00e6rmere angitt plass. Vennligst ta kontakt med oss i s\u00e5 [&hellip;]<\/p>\n","protected":false},"author":1,"featured_media":0,"parent":0,"menu_order":0,"comment_status":"closed","ping_status":"closed","template":"","meta":{"_coblocks_attr":"","_coblocks_dimensions":"","_coblocks_responsive_height":"","_coblocks_accordion_ie_support":"","_uag_custom_page_level_css":"","_themeisle_gutenberg_block_has_review":false,"footnotes":"","_links_to":"","_links_to_target":""},"class_list":["post-2031","page","type-page","status-publish","czr-hentry"],"a3_pvc":{"activated":false,"total_views":1,"today_views":0},"uagb_featured_image_src":{"full":false,"thumbnail":false,"medium":false,"medium_large":false,"large":false,"1536x1536":false,"2048x2048":false,"tc-grid-full":false,"tc-grid":false,"tc-thumb":false,"slider-full":false,"slider":false,"tc-sq-thumb":false,"tc-ws-thumb":false,"tc-ws-small-thumb":false,"tc-slider-small":false,"sow-carousel-default":false},"uagb_author_info":{"display_name":"Olavb1","author_link":"https:\/\/lerkortbane.no\/index.php\/author\/olavb1\/"},"uagb_comment_info":0,"uagb_excerpt":"Det er gratis \u00e5 bes\u00f8ke Ler Kortbane. Men vi har satt forbud mot \u00e5 drive med landingsrunder. Dette for \u00e5 ivareta et godt forhold til de fastboende. Kommer du p\u00e5 bes\u00f8k kan du ha flyet ditt parkert hos oss i 1 uke gratis p\u00e5 en n\u00e6rmere angitt plass. Vennligst ta kontakt med oss i s\u00e5&hellip;","_links":{"self":[{"href":"https:\/\/lerkortbane.no\/index.php\/wp-json\/wp\/v2\/pages\/2031","targetHints":{"allow":["GET"]}}],"collection":[{"href":"https:\/\/lerkortbane.no\/index.php\/wp-json\/wp\/v2\/pages"}],"about":[{"href":"https:\/\/lerkortbane.no\/index.php\/wp-json\/wp\/v2\/types\/page"}],"author":[{"embeddable":true,"href":"https:\/\/lerkortbane.no\/index.php\/wp-json\/wp\/v2\/users\/1"}],"replies":[{"embeddable":true,"href":"https:\/\/lerkortbane.no\/index.php\/wp-json\/wp\/v2\/comments?post=2031"}],"version-history":[{"count":2,"href":"https:\/\/lerkortbane.no\/index.php\/wp-json\/wp\/v2\/pages\/2031\/revisions"}],"predecessor-version":[{"id":3186,"href":"https:\/\/lerkortbane.no\/index.php\/wp-json\/wp\/v2\/pages\/2031\/revisions\/3186"}],"wp:attachment":[{"href":"https:\/\/lerkortbane.no\/index.php\/wp-json\/wp\/v2\/media?parent=2031"}],"curies":[{"name":"wp","href":"https:\/\/api.w.org\/{rel}","templated":true}]}}